 4 + p + 0*p + 4*p**2. Determine f(-4).
-12
Let q(y) = -y**2 - 8*y + 34. Let b be q(-11). Suppose -4 = -s + v, 4*s - v - 23 = -b. Let u(l) = l + 1. Calculate u(s).
7
Let v(u) = u**2 + 5*u - 5. Let o be v(-5). Let t(x) = x**3 - x**2 - 5*x. Let d(p) = -p**3 + p**2 + 6*p. Let q(j) = o*t(j) - 4*d(j). What is q(2)?
-2
Let j(g) = 2*g + 5. Suppose -3*f + 0*f = 5*r - 11, 7 = 5*f - 3*r. Suppose -2*v - 2*l = -16, -v - f*v - 4*l + 28 = 0. Calculate j(v).
13
Let t(s) be the second derivative of -s**4/12 - 2*s**3/3 + 5*s**2/2 - 35*s - 1. Calculate t(-6).
-7
Let i(n) = -n**2 + 8*n + 7. Let o = -56 + 62. Suppose w - 56 = -o*w. Give i(w).
7
Let p(k) = k**2 - k. Let r(q) = -5*q**2 + 5*q - 2. Suppose 2*b = 5*v - 99, -v + 72 = 3*v + 2*b. Let w = v - 20. Let l(n) = w*r(n) - 4*p(n). Give l(0).
2
Let k(d) be the second derivative of -d**4/6 + d**3/3 - d**2/2 - 219*d - 1. Determine k(2).
-5
Let c(g) = g - 7. Suppose -13*o + 10*o = -6. Suppose o*j + v - 3 = 8, 3*v = 5*j. Calculate c(j).
-4
Let v(y) be the second derivative of -y**4/3 - y**3/3 - 3*y**2/2 + y. Suppose -3*t = -t + 4. Calculate v(t).
-15
Let l(p) = p + 3. Let w be 4/14 - 2346/322. Calculate l(w).
-4
Let u(l) = -l**3 - 3*l**2 - l. Suppose -3*y - 2*g + 11 = 0, 3*g + 15 = -y + 7*g. Let j = y + -3. Let c be u(j). Let i(k) = 2*k**2. Give i(c).
8
Let r(n) = -n**2 + 6*n + 3. Let g be r(0). Let j(o) = g*o + 3 + 1 + 0. What is j(3)?
13
Let r(f) = f + 46. Let k be r(-44). Let o(y) = -3*y**3 + y**2 - y + 1. Calculate o(k).
-21
Let a(q) = q + 2. Suppose 11*g - 97 = -31. Let h be 5 + (4 - g) + -5. Determine a(h).
0
Let s(g) = g**2 - 6*g - 2. Let f = -44 - -80. Suppose 2*j + f = 48. Determine s(j).
-2
Let j(m) be the first derivative of 2*m**2 + 2*m**3 + 9 + 1/4*m**4 - 5*m. Determine j(-5).
0
Let a(r) = -r**2 - 13*r + 9. Suppose -z + 3*q - 9 = 0, -3*q + 24 = -3*z - 9. Calculate a(z).
21
Let l(r) be the second derivative of 2/3*r**3 - 1/2*r**2 + 17*r + 0. What is l(3)?
11
Let i(j) = -j**3 + 7*j**2 - 2*j + 9. Let w(p) = 3*p**2 - 2*p - 9. Let m be w(-2). Calculate i(m).
-5
Let i(b) = b**2 + 11*b + 10. Let v be -18 + 3 + -1 + 5. Determine i(v).
10
Let g = 6 + -12. Let c(o) = o**3 + 7*o**2 + 7*o + 6. Let i be c(g). Let f(k) = -5*k + 4. Let q(a) = -a + 1. Let z(t) = f(t) - 4*q(t). Calculate z(i).
0
Let z(x) = -12*x**2 - 2 - 9*x**2 + 13*x**2 - 4*x**3 + 5*x**3. What is z(8)?
-2
Let o(p) = -6*p**3 - 8*p**2 - 7*p**3 + 11*p**3 + 1. Let g(r) = r**3 + r**2 + r + 1. Let s(u) = -3*g(u) - o(u). Calculate s(4).
0
Suppose 11 = -371*h + 11. Let n(d) be the second derivative of d**3/6 - 25*d**2/2 + d. What is n(h)?
-25
Let q be (4/(-12))/(2/(-24)). Suppose -q*d = 7 - 19. Let f(i) = -2*i + 7*i**2 - 2*i + 8 - 2 + d*i - i**3. Calculate f(7).
-1
Let i(l) = 2 - 1 - 679*l + 683*l + 0. Calculate i(-1).
-3
Let n = 14 - 9. Let t(v) = -2 - v + 5 - n. What is t(-4)?
2
Let w(q) = 4*q**3 + 2*q - 1. Let o be w(1). Let x(n) be the first derivative of -3*n**2/2 - n + 26. Calculate x(o).
-16
Let q(l) = 3*l + 3. Let d(y) = -4*y - 4. Let v be ((-2)/1)/(1/(-1)). Let k(g) = v*d(g) + 3*q(g). Calculate k(1).
2
Let y(v) = -2*v - 16. Let i(u) = 6*u + 28. Let k(l) = 2*i(l) + 5*y(l). Determine k(7).
-10
Let k(s) be the second derivative of s**4/12 + 5*s**3/6 - 7*s**2/2 - s - 57. Give k(-5).
-7
Let q = -17 + 17. Let s be 0/((-4 - -3) + q). Let f(i) = i**2 + 2*i**3 + 2*i - i**3 - 3*i + 0 + 1. What is f(s)?
1
Let x(o) be the second derivative of 0 - 3/2*o**2 - 1/2*o**3 - o. What is x(-3)?
6
Let d(x) = x**3 - 7*x**2 - x + 7. Let f(k) = -k**3 - 19*k**2 - 17*k + 25. Let j be f(-18). What is d(j)?
0
Let f(q) = -8*q**2 + 9*q + 10. Let u(b) = -17*b**2 + 19*b + 22. Let g(w) = 13*f(w) - 6*u(w). Let v = 1 - -1. Calculate g(v).
-4
Let d(m) = 3*m - 32. Let c(j) = -5*j**2 - 65*j - 47. Let l be c(-12). Calculate d(l).
7
Let p(a) = -57*a - 57*a - 55*a - 60*a + 236*a. Let y = -4 + 5. Calculate p(y).
7
Let j be 1/((12/(-4))/(-6)). Suppose h = 3*h - j. Let a(p) = -4*p**2 + 1. Determine a(h).
-3
Let d(n) = n + 3. Let q = 7 - -2. Let i = q + -6. Let r be 1 + (-8)/2 - i. What is d(r)?
-3
Let m(a) = 4*a**3 + a**2. Let h be m(1). Let t(v) be the second derivative of -1/4*v**4 - 2/3*v**3 + 3*v + 0 - 1/20*v**h - v**2. Give t(-2).
2
Let c(d) = -d**3 + 12*d**2 - 12*d - 1. Suppose 16*r - 30 - 146 = 0. What is c(r)?
-12
Let b(n) = -2*n - 21. Let y be b(-11). Let l(i) = -9*i + 5. Let f(u) = -u. Let s(h) = y*l(h) - 5*f(h). Calculate s(-4).
21
Suppose 86 = -16*u + 134. Let m(l) = l + 10. Calculate m(u).
13
Let x(l) = l**3 + 5*l**2 + 4*l - 5. Let q(c) = -c**3 + 7*c**2 - 6*c - 4. Let b = 71 + -65. Let z be q(b). What is x(z)?
-5
Let c(g) = -g - 4. Let p(u) = u**2 + 13*u + 5. Let v be p(-10). Let h = v - -29. What is c(h)?
-8
Suppose -j - 2 = -15. Let w(o) = -2 - 13*o + o**2 + 2*o**2 + j*o. Give w(-2).
10
Suppose -32 = -9*l + 22. Let o(s) = 6 - 29*s**2 + 3*s + 11*s**3 - 33 + 18*s. Let q(i) = 7*i**3 - 19*i**2 + 14*i - 18. Let x(p) = -5*o(p) + 8*q(p). Give x(l).
-3
Suppose -5*q + 5*x = 2*x + 38, 3*q - 2*x + 22 = 0. Let y(l) = l**3 + 11*l**2 + 11*l + 6. Give y(q).
-4
Let x(y) be the first derivative of y**3/3 - 13*y**2/2 - 2*y - 65. Determine x(13).
-2
Let v be 1/(((-2)/5)/(-2)). Suppose -v*c = 5*u + 20, -3*c + 0*u - 2 = u. Suppose c = -2*z + 2*l - 13, 0 = l - 3. Let f(o) = -o - 2. Calculate f(z).
2
Suppose 0 = -16*k + 555 - 523. Let c(j) = 2*j - 8. What is c(k)?
-4
Let r(k) = -k + 3. Let x(l) = -l + 2. Let h(y) = -3*r(y) + 4*x(y). Suppose 3*b = 3*o + 15, -3*o + 2 = 2*b - 8. What is h(o)?
-1
Suppose 3*g - 5*g - 6 = -2*p, -4*p = -5*g - 15. Let f(w) = -2*w**2 - w + 12. Give f(p).
12
Let g be ((-1)/3)/(1/(-15)). Let r(a) = 6*a**2 + 8*a**2 - 6 - 8*a - 9*a**2 - a**2. Let n(h) = h**2 - h - 1. Let j(u) = 3*n(u) - r(u). Determine j(g).
3
Let a = -75 + 74. Let f(s) = s - 1. Give f(a).
-2
Let y(a) = -a - 4. Suppose -s - 2*q = s + 30, -q - 3 = 0. Let x be 4/s - 16/6. Let v = -4 + x. Determine y(v).
3
Let g(y) = -3*y. Suppose -3*d = -d - 8. Let j be 5 + -1 - d/2. Determine g(j).
-6
Let n(h) be the third derivative of h**5/60 - 7*h**4/24 + 2*h**3/3 + h**2. Let y(j) = -2*j**3 + 28*j**2 + 32*j - 25. Let x be y(15). Give n(x).
-6
Let y(u) = 5*u**3 - 2*u - 1. Let t = 23 - 24. Calculate y(t).
-4
Let j(d) = d**3 + 3*d**2 - 2*d - 3. Let m be j(-3). Suppose -2*z + m = 3*v, 0 = z - v + 3*v + 1. Let y(g) = -2*g + 12. Give y(z).
-6
Suppose -o = 4*o. Suppose q + l = 4*l + 8, o = -2*q + 5*l + 11. Let j = -6 - q. Let g(d) = 4*d**3 - d**2 - d + 1. What is g(j)?
3
Let v(f) = -f**3 + f**2 - f - 11. Let w be 0 - -23 - (-10 - -12). Let j = w - 21. Calculate v(j).
-11
Let y(g) be the first derivative of -g**7/40 - g**6/180 + g**5/60 - g**4/24 - 17*g**3/3 + 5. Let h(n) be the third derivative of y(n). What is h(1)?
-22
Suppose -10*n + 69 = -70*n - 111. Let v(p) be the third derivative of p**4/8 + 2*p**3/3 + p**2. Determine v(n).
-5
Let b(g) = -7 + 9*g + g**2 + 2*g - 10*g. Determine b(-5).
13
Let y(b) = 2*b**3 + 3*b**2 + 4*b + 2. Let z(w) = 2*w**3 + 3*w**2 + 5*w + 2. Let u(d) = 4*y(d) - 3*z(d). What is u(-2)?
-4
Let a(o) = -100 + 101 + 8*o - 7*o. Give a(0).
1
Let x(i) be the first derivative of i**2 - 2*i - 69. What is x(5)?
8
Let j(m) = 797 + 849 - 1590 + 8*m. What is j(-8)?
-8
Let m(g) = g**3 + 7*g**2 - 2*g + 11. Suppose 26 = -7*p - 30. What is m(p)?
-37
Let v(n) = 5*n + 4. Let h be v(12). Let b = h + -60. Let d(k) = k**3 - 3*k**2 - k + 4. Determine d(b).
16
Let q(g) = -g**3 - 10. Let a = 28 + -24. Let z be (a/(-8) - 0)*0. Determine q(z).
-10
Let o = 920 + -914. Let v(f) = f**3 - 6*f**2 + 5*f - 5. Calculate v(o).
25
Let c(n) = n**2 - 4*n - 4. Let r = -9 - 9. Let y be r/6 - 1/((-4)/36). Determine c(y).
8
Let u(y) = -2*y**2 - 7*y + 27. Let l(b) = b**2 + 3*b - 14. Let a(c) = 7*l(c) + 4*u(c). Give a(-7).
10
Let v(z) = z**2 + 9*z + 9. Suppose -4*c = 3*o - 25, 4*o = 7*c - 3*c - 4. Suppose -c*r + 13 = p, -5*p + 10 - 40 = r. Calculate v(p).
-5
Let y(p) = p**2 + 7*p + 4. Let c(w) = 2*w**2 + 15*w + 8. Suppose 35 = -4*s + 7. Let h = 11 + s. Let q(o) = h*c(o) - 9*y(o). Calculate q(-3).
-4
Let y(q) = -2*q + 0*q**3 + 3 + q**3 - 4*q**2 + 3*q**2. Let u be 53/3 - (-3 + 16/6). Suppose -5*i = 4*m - 0*m - u, -3*i = -5*m + 4. What is y(i)?
3
Let w(c) be the third derivative of c**6/120 - c**5/10 - c**4/24 + c**3 - c**2 - 18. Let d be 2/(-5) + 64/10. D